*t - 1. Let u be v(-7). Let r = u + -89. What are the prime factors of (-2)/(-6) - (1108/r + -2)?
11, 17
Suppose -14*s = -3*s. Let b be (-12 - -12)/(s - 1). Suppose -l + 164 = 2*t - t, 5*t - 2*l - 799 = b. What are the prime factors of t?
7, 23
Let y(s) = s + 43. Suppose 4*m = 2*v - 24, -4*m = -v - 2*v + 32. Let o be y(v). Let z = 97 - o. List the prime factors of z.
2, 23
Suppose 5*a - a - 4 = 0. Let o be 15*(a - 3)/(2 + 0). What are the prime factors of ((-85)/o)/(2/12)?
2, 17
Let b(m) = m**2 - 12*m + 41. Let s(p) = 2*p - 35. Let w be s(20). Let t be b(w). What are the prime factors of (-2)/t - (-7296)/72?
101
Let o(l) = l**3 + 26*l**2 + 27*l - 65. Let f be o(-24). Suppose f = 4*u - 593. What are the prime factors of u?
2, 3, 43
Let u = -34 + 36. Suppose u*j - 926 = -3*s, -5*s + 2*j = -s - 1258. What are the prime factors of s?
2, 3, 13
Let r(k) = -9*k**2 - 16*k + 8. Let p be r(-6). Let z = p - -341. Suppose 6*w + 15 = 3*w, h - w - z = 0. What are the prime factors of h?
2, 29
Suppose -7315222 = -558*f + 116*f - 152170. What are the prime factors of f?
2, 3, 37, 73
Suppose 0 = 5*h - 2*u + 4248, -5*h + 836 = -6*h - 3*u. Let a = h - -1447. What are the prime factors of a?
599
Let s(k) = -3*k + 127. Let c be s(9). Suppose 5*d = -1 + 16. Suppose -3*u = z - c, 5*u - 279 = -3*z + d*u. What are the prime factors of z?
7, 13
Let u(r) = 9*r - 42. Let v be u(8). Let h be -4 - -21 - (3 - 6). Suppose 35*n - v*n - h = 0. List the prime factors of n.
2
Let i(m) = -m**2 + 9*m - 20. Let b be i(5). Suppose b = -4*t - 0*t - 400. Let n = 104 + t. List the prime factors of n.
2
Let m(k) = 34828*k**3 + k**2 + 3*k + 2. What are the prime factors of m(1)?
2, 17417
Let x be 6/(-4) - (-3)/2. Suppose 5*l - 4*l - 37 = x. List the prime factors of l.
37
Suppose -104*x + 103*x + 2887 = 0. List the prime factors of x.
2887
List the prime factors of (17664/13 - -14)*13.
2, 8923
Suppose 20*j - 7*j = -6084. List the prime factors of 180/15*j/(-8).
2, 3, 13
Suppose -5*k + 15 = 2*j, -2*j = 4*k - 0*j - 10. Suppose 1 = v - k. Let l = v - -21. List the prime factors of l.
3
Suppose 7*d - 5*d - 10 = 0. Let v be ((2 - -1) + 0)*(18 - d). Suppose -180 = -44*x + v*x. What are the prime factors of x?
2, 3
Let m(f) = 413*f - 1699. What are the prime factors of m(80)?
3, 31, 337
What are the prime factors of (3 - 164308/(-8))*952/833?
2, 5869
Let z(k) = -k. Let x be z(-4). Suppose 5*g + 9 + 16 = 2*m, -x*g - 20 = m. Suppose 5*i - 5*w - 145 = m, 2*i + 4*w = 5*w + 57. What are the prime factors of i?
2, 7
Let p be (-1)/(4/(-42) + 46/42). Let r(b) = 492*b**2 - 7*b - 7. What are the prime factors of r(p)?
2, 3, 41
Suppose -5*o + 25 = 0, 3*f = -3*o - o - 22. Let c be (f/6 + 1)/((-9)/(-54)). Let g(b) = b + 19. What are the prime factors of g(c)?
11
Let r(h) = 2*h**2 - 2*h + 5. Let y be r(3). Let b = 17 + y. Suppose -3*c - b + 139 = 0. What are the prime factors of c?
5, 7
List the prime factors of (525/210)/(1/(-3)*3/(-1514)).
5, 757
Suppose h - 1 = 21. Suppose 5*s - h = 2*k, 3*s - 2*s + 4*k = 0. Suppose 5*j - s*z - 1150 = -0*j, 5*j + z = 1150. What are the prime factors of j?
2, 5, 23
Let p(c) = 5*c**2 - 19 + 12*c**2 - 27*c - 14*c + 14 + 7*c**3. What are the prime factors of p(5)?
2, 5, 109
Let g = -16 - -37. Let d be -3 + 0 + 3 - g. Let u = 19 - d. What are the prime factors of u?
2, 5
Suppose 0 = 3*x + 78 + 24. Let v = x - -389. Suppose 0 = 25*l - 20*l - v. List the prime factors of l.
71
Suppose 0 = -2*i + 141 - 143. Let f be 26/5 - i/(-5). Suppose -d + f*k = -130 - 145, -568 = -2*d + k. List the prime factors of d.
3, 5, 19
Let z(n) = -91*n + 111. Let f(t) = -45*t + 56. Let k(a) = 7*f(a) - 3*z(a). What are the prime factors of k(-6)?
311
Suppose -3*s + 42 = 27. Suppose -4*p - 353 = -3*z + p, z + s*p - 151 = 0. Suppose -4*k = 4, n - 2*k = 3*n - z. What are the prime factors of n?
2
Let u(l) = -669*l - 139. What are the prime factors of u(-19)?
2, 7, 449
Let n(f) = -152*f**3 - 16*f**2 - 58*f - 2. What are the prime factors of n(-3)?
2, 1033
Let q be (819/(-6) - 1)/((-2)/8). Suppose -q = 59*p - 64*p. List the prime factors of p.
2, 5, 11
Let l(c) = 11*c**2 + 131*c - 1992. What are the prime factors of l(15)?
2, 3, 17
Let h be -21 + 16 - (-248)/2. Let b = h + 60. What are the prime factors of b?
179
Let w = 815 + -735. Let m = 897 + w. What are the prime factors of m?
977
Let y = 1488 + 3166. What are the prime factors of y?
2, 13, 179
Let q = 499 - 483. Suppose -q*c = -8422 - 7098. List the prime factors of c.
2, 5, 97
Suppose 367*k = 370*k + 336. Let f = k + 224. List the prime factors of f.
2, 7
Suppose 467 - 2517 = 5*i. Let p = -129 - i. What are the prime factors of p?
281
Let c(w) = -134*w**2 - 2*w + 2. Let o(f) = -269*f**2 - 4*f + 4. Let l(x) = -14*c(x) + 6*o(x). Suppose v = 3*v - 2. What are the prime factors of l(v)?
2, 131
Suppose -2*f - 108 = 4*z, -f + 2*z + 19 = 89. Suppose 0 = 3626*x - 3621*x - 665. Let o = f + x. List the prime factors of o.
71
Suppose 5*g - 6540 - 3385 = 2*j, -9925 = -5*g - 3*j. Suppose g = 14*d - 9*d. List the prime factors of d.
397
Suppose 0 = -6*c + 4*c - 3*n - 379, -3*c = -n + 541. Let m = c - -1129. List the prime factors of m.
947
Suppose -16614 = 42*v - 120*v. What are the prime factors of v?
3, 71
Suppose 2*y = -5*g + 75895, 8276 = 2*g + 3*y - 22082. What are the prime factors of g?
43, 353
Suppose -19 = -2*p + 5*v - 199, 162 = -2*p - 4*v. Let l be 3/5 - 1 - (-221)/p. List the prime factors of (6/(-12))/(l/876).
2, 73
Let j be (5 - (-561)/3)*(-22)/(-8). Let t = 224 + j. List the prime factors of t.
2, 47
Let t = 7546 + 7385. List the prime factors of t.
3, 7, 79
Suppose 4*l = v + 58520, 0 = 3*l - 38*v + 43*v - 43890. List the prime factors of l.
2, 5, 7, 11, 19
Let p(x) = 574*x + 1906. List the prime factors of p(20).
2, 3, 23, 97
Suppose 28*p - 13762847 = -403*p - 1921553. List the prime factors of p.
2, 3, 19, 241
Suppose 4*k - 57067 = -2*d + 5*d, -2*d - 10 = 0. List the prime factors of k.
17, 839
Let i = -1417 + 2632. Suppose -3*x - j + 820 = 0, 0 = -4*x + 2*j - 125 + i. List the prime factors of x.
3, 7, 13
Let n(o) = -2*o**3 - 8*o**2 + 2*o + 7. Let s = -68 - -141. Let t = 67 - s. List the prime factors of n(t).
139
Let f(g) = -11*g**3 - g**2 + 9*g + 5. Let x be f(-4). Let i = -308 + x. List the prime factors of i.
349
Let i = -35 - -40. Let y be i/35*(-7)/(-2)*0. Suppose y = -6*p + 3*p + 165. List the prime factors of p.
5, 11
Let v(u) = 809*u - 9368. List the prime factors of v(46).
2, 3, 7, 13, 17
Let o be ((-2)/(-6))/((-20)/300). What are the prime factors of (o + 3 - 3)*-97?
5, 97
Let f(o) = -o**2 - 14*o + 10. Suppose 0 = -3*d + 4*i - 46, -2*i = -4*d - 16 - 42. Let v be f(d). Suppose -44 = -v*l - 4. List the prime factors of l.
2
Let a be (-2 + 332)*80/24. Let t = -578 + a. List the prime factors of t.
2, 3, 29
Let k = 280 - 269. Let f(t) = 2*t**3 - 16*t**2 + 15*t - 29. What are the prime factors of f(k)?
2, 431
Let o = 227 - 221. List the prime factors of 467/(o - (-4 + 9)).
467
Let j = -422 - -784. Suppose 16*n - j = -2*y + 17*n, -4*y + 724 = -3*n. List the prime factors of y.
181
List the prime factors of 896/(-6)*15840/(-154).
2, 3, 5
Let t be (-18964)/(-16) + (-13)/52. Suppose 4*h - 2357 = 3*i, 15*h - 13*h = -5*i + t. What are the prime factors of h?
2, 5, 59
Let f = -774 - -1464. Let h = 1419 - f. List the prime factors of h.
3
Let k(w) = 171*w**3 - w**2 - 1. Let b be k(1). Suppose -b = -4*d + 155. What are the prime factors of d?
3
Let d be -2 - -1 - (17 + -22). Let y be (1 - d) + 5 + 0. Suppose 2*c - y*r = -r + 178, -3*c - 2*r = -274. What are the prime factors of c?
2, 3, 5
Let j(b) = b**3 + 21*b**2 - 42*b - 76. Suppose 439 = -41*x - 463. List the prime factors of j(x).
2, 7, 13
Suppose 0 = -3*x + 3*k + 13590 + 5157, 5*k = -20. List the prime factors of x.
5, 1249
Suppose -48 + 342 = 2*w. Let h = -76 + w. What are the prime factors of h?
71
Let p be (-2)/4*(-5)/35*0. Suppose p = q - 5*q + 1588. What are the prime factors of q?
397
Suppose 5*m - 1705 = l, 5*m + 681 = 4*l + 2401. Suppose -m = -5*t + 720. Suppose -2*x = 2*q - t, 5*x + 4*q - 216 = 309. What are the prime factors of x?
101
Suppose 3*y - 2*q = 4661, 12*y - 13*y + 1565 = 5*q. Suppose 8*i = 3877 + y. What are the prime factors of i?
7, 97
Let i be (-27 - 0) + -5 + 1. Su